6) to base 13.
c736
What is -565 (base 11) in base 6?
-3044
Convert 36333 (base 7) to base 4.
2103120
What is 100100011110 (base 2) in base 16?
91e
What is -1106 (base 7) in base 9?
-482
-2076 (base 10) to base 15
-936
What is -368 (base 14) in base 6?
-3052
Convert 10212 (base 5) to base 2.
1010101010
What is 8de (base 15) in base 16?
7d9
What is 358 (base 16) in base 2?
1101011000
50562 (base 7) to base 12
7146
251404 (base 6) to base 5
1204041
3352 (base 9) to base 10
2477
Convert -10501 (base 8) to base 5.
-120132
15406 (base 7) to base 14
1806
Convert -110011011100000 (base 2) to base 3.
-1100010102
What is -1101011 (base 2) in base 14?
-79
What is -51425 (base 8) in base 16?
-5315
What is 12a (base 11) in base 6?
413
Convert 1d (base 14) to base 6.
43
Convert 63 (base 9) to base 15.
3c
Convert 4253 (base 6) to base 13.
597
Convert 4284 (base 10) to base 13.
1c47
Convert 2122 (base 3) to base 9.
78
Convert -265 (base 12) to base 15.
-195
What is 310456 (base 7) in base 5?
3144214
Convert -349 (base 12) to base 3.
-200010
-2214 (base 5) to base 9
-373
-364152 (base 7) to base 5
-4110120
1035 (base 6) to base 8
357
Convert 315 (base 7) to base 9.
186
What is 4233 (base 5) in base 10?
568
-1030 (base 7) to base 4
-11230
Convert 1100001100 (base 2) to base 13.
480
2537 (base 11) to base 4
303223
What is 20221111 (base 3) in base 9?
6844
What is -11740 (base 11) in base 8?
-40737
3366 (base 10) to base 3
11121200
What is 4314 (base 8) in base 12?
1378
-c0c (base 15) to base 2
-101010011000
What is 223153 (base 6) in base 11?
13197
-488 (base 9) to base 12
-298
What is 5257 (base 9) in base 5?
110414
Convert -7563 (base 10) to base 14.
-2a83
-1012112 (base 3) to base 16
-36e
Convert 984b (base 12) to base 10.
16763
Convert 1000010001001 (base 2) to base 3.
12210210
-566 (base 16) to base 8
-2546
What is -3121 (base 6) in base 3?
-221211
2605 (base 9) to base 5
30244
432 (base 15) to base 16
3b3
Convert db6b (base 14) to base 9.
57016
What is -223431 (base 5) in base 15?
-257b
What is -12024 (base 7) in base 16?
-c21
Convert 1000000110100 (base 2) to base 9.
5618
What is -2790 (base 10) in base 16?
-ae6
What is 8336 (base 9) in base 14?
2324
abc (base 13) to base 9
2470
Convert -11cb (base 16) to base 8.
-10713
-448b (base 12) to base 13
-35c3
Convert -425 (base 9) to base 11.
-296
What is 10538 (base 12) in base 9?
32438
-5095 (base 11) to base 13
-30cc
Convert 76 (base 15) to base 12.
93
56 (base 16) to base 15
5b
Convert -101412 (base 8) to base 3.
-1201000110
600 (base 8) to base 16
180
Convert 11001111010 (base 2) to base 13.
9a7
What is -524 (base 14) in base 5?
-13022
Convert -27061 (base 8) to base 10.
-11825
Convert b9 (base 15) to base 3.
20110
Convert 412201 (base 5) to base 2.
11010001110010
What is -128b (base 14) in base 13?
-1639
-cc0b (base 14) to base 3
-1210102002
104304 (base 5) to base 8
7170
What is 5763 (base 14) in base 15?
476e
-215 (base 6) to base 9
-102
2747 (base 12) to base 8
10647
Convert 5463 (base 15) to base 5.
1032433
252000 (base 6) to base 13
a2c0
What is -cb (base 15) in base 16?
-bf
1878 (base 12) to base 13
1478
What is -24413 (base 5) in base 3?
-2112211
248 (base 13) to base 5
3043
-11200 (base 4) to base 11
-2a0
Convert -1796 (base 11) to base 13.
-1068
What is 112001 (base 3) in base 13?
232
Convert -cca (base 16) to base 6.
-23054
1334 (base 12) to base 11
1720
What is -120222 (base 3) in base 10?
-431
-863 (base 14) to base 15
-755
Convert -7485 (base 14) to base 16.
-4e8d
What is -6446 (base 8) in base 5?
-101431
What is -87000 (base 9) in base 3?
-2221000000
Convert bc0 (base 14) to base 4.
210110
What is 3301233 (base 4) in base 16?
3c6f
11001001011 (base 2) to base 9
2180
233400 (base 5) to base 15
2835
Convert 2021002 (base 3) to base 2.
11001110001
-2221 (base 5) to base 11
-263
What is 270 (base 12) in base 6?
1420
Convert 105c (base 13) to base 6.
14310
Convert -121002100 (base 3) to base 13.
-5451
Convert -131402 (base 7) to base 12.
-1225b
What is 1532 (base 12) in base 2?
100110110110
What is -4681 (base 14) in base 10?
-12265
55 (base 16) to base 4
1111
Convert -497d (base 14) to base 12.
-752b
57c (base 14) to base 13
65b
What is -2510 (base 12) in base 10?
-4188
-1112 (base 5) to base 9
-184
Convert -e79 (base 16) to base 5.
-104310
1100111010010 (base 2) to base 14
25a2
What is 44432 (base 7) in base 16?
2bbb
-2 (base 6) to base 14
-2
-212212201 (base 3) to base 2
-100001111111111
What is -188 (base 13) in base 15?
-13b
Convert -46305 (base 8) to base 16.
-4cc5
Convert 272 (base 13) to base 3.
120222
-143 (base 13) to base 6
-1012
3033 (base 6) to base 7
1644
Convert -300312 (base 4) to base 12.
-1986
Convert 21375 (base 8) to base 12.
5225
10429 (base 11) to base 4
3230310
Convert -30c8 (base 16) to base 15.
-3a78
What is -513 (base 8) in base 6?
-1311
Convert 19a3 (base 13) to base 14.
1591
-219 (base 11) to base 5
-2022
Convert 44626 (base 7) to base 3.
120111011
What is -10183 (base 14) in base 5?
-2214402
Convert -11021022 (base 3) to base 8.
-6051
-806 (base 9) to base 4
-22032
What is -784 (base 10) in base 3?
-1002001
Convert 2b66 (base 14) to base 8.
17066
-10010111111 (base 2) to base 10
-1215
What is -1461 (base 11) in base 3?
-2120201
1a8 (base 15) to base 12
27b
-28c (base 13) to base 4
-13012
Convert -29c4 (base 14) to base 15.
-22ee
What is -38 (base 15) in base 10?
-53
What is 1a3 (base 12) in base 13?
177
Convert -1100111010000 (base 2) to base 13.
-3014
Convert -1100111101000010 (base 2) to base 3.
-2200210010
Convert -221 (base 4) to base 6.
-105
Convert 13755 (base 9) to base 8.
22225
-34141 (base 5) to base 15
-ab6
What is 22b7 (base 13) in base 12?
29aa
Convert -122102 (base 4) to base 5.
-23212
What is -35c (base 16) in base 9?
-1155
Convert -1153 (base 10) to base 11.
-959
Convert 1101011110 (base 2) to base 14.
458
What is 11220 (base 4) in base 7?
1023
155 (base 14) to base 15
131
41427 (base 9) to base 6
330254
Convert 11010011111001 (base 2) to base 9.
20537
-22211221 (base 3) to base 5
-201301
-a3b (base 12) to base 10
-1487
Convert -2a339 (base 11) to base 8.
-123765
What is -2836 (base 9) in base 5?
-32024
7d7 (base 15) to base 6
12121
142 (base 5) to base 3
1202
1132221 (base 5) to base 4
11013020
-171 (base 10) to base 7
-333
251325 (base 6) to base 4
11131211
Convert 2034312 (base 5) to base 8.
101653
Convert 1221 (base 5) to base 16.
ba
-1158 (base 16) to base 15
-14b0
Convert -331123 (base 4) to base 5.
-111211
21110001 (base 3) to base 13
2617
Convert -2323132 (base 4) to base 9.
-17411
-44241 (base 6) to base 15
-1c4a
What is -3a26 (base 11) in base 14?
-1c99
-142245 (base 6) to base 11
-a157
What is -1a6 (base 16) in base 12?
-2b2
What is 12103101 (base 4) in base 5?
1311214
What is -7615 (base 10) in base 15?
-23ca
What is 2001 (base 7) in base 3?
221110
Convert -113e8 (base 15) to base 16.
-d66d
Convert 1518 (base 10) to base 12.
a66
What is -223121 (base 4) in base 14?
-1025
1000010010 (base 2) to base 9
648
What is 940 (base 13) in base 8?
3045
What is -2e20 (base 15) in base 5?
-304210
What is -1343 (base 6) in base 15?
-186
-432 (base 13) to base 6
-3153
Convert -1021110 (base 3) to base 5.
-12210
What is 101111 (base 3) in base 5?
2113
What is -7929 (base 11) in base 2?
-10100011000101
677 (base 12) to base 11
799
111000101101 (base 2) to base 7
13403
-1011111011001110 (base 2) to base 10
-48846
Convert 623 (base 14) to base 8.
2267
Convert -addb (base 14) to base 2.
-111010111100101
What is 1132 (base 7) in base 10?
415
What is -203654 (base 7) in base 3?
-1202222102
What is 37375 (base 8) in base 5?
1004000
20306 (base 7) to base 15
1705
-947 (base 15) to base 8
-4054
What is -1001010101101101 (base 2) in base 8?
-112555
-10011020002 (base 3) to base 13
-22382
What is -54402 (base 6) in base 13?
-3542
-528d (base 15) to base 12
-a12a
What is 108f (base 16) in base 2?
1000010001111
Convert 52504 (base 8) to base 16.
5544
What is 677 (base 12) in base 3?
1022101
-33111 (base 4) to base 10
-981
What is 330023 (base 4) in base 2?
111100001011
1cea (base 16) to base 8
16352
Convert 122221002 (base 3) to base 4.
3030032
What is 2221202100 (base 3) in base 10?
58140
What is -7133 (base 8) in base 11?
-2841
What is 577 (base 11) in base 9?
84